{"id":964,"date":"2024-07-12T15:02:03","date_gmt":"2024-07-12T13:02:03","guid":{"rendered":"https:\/\/anaesteves.fr\/?page_id=964"},"modified":"2024-08-05T12:45:58","modified_gmt":"2024-08-05T10:45:58","slug":"contact","status":"publish","type":"page","link":"https:\/\/anaesteves.fr\/index.php\/contact\/","title":{"rendered":"Contact"},"content":{"rendered":"\t\t<div data-elementor-type=\"wp-page\" data-elementor-id=\"964\" class=\"elementor elementor-964\">\n\t\t\t\t\t\t<section class=\"elementor-section elementor-top-section elementor-element elementor-element-4d412b68 elementor-section-content-middle elementor-section-boxed elementor-section-height-default elementor-section-height-default geekfolio-header-absolute-off\" data-id=\"4d412b68\" data-element_type=\"section\" data-settings=\"{&quot;enable_header_absolute&quot;:&quot;off&quot;}\">\n\t\t\t\t\t\t<div class=\"elementor-container elementor-column-gap-default\">\n\t\t\t\t\t<div class=\"elementor-column elementor-col-50 elementor-top-column elementor-element elementor-element-5c037c5a\" data-id=\"5c037c5a\" data-element_type=\"column\">\n\t\t\t<div class=\"elementor-widget-wrap elementor-element-populated\">\n\t\t\t\t\t\t<div class=\"elementor-element elementor-element-6bae35e1 elementor-widget elementor-widget-geekfolio-heading\" data-id=\"6bae35e1\" data-element_type=\"widget\" data-widget_type=\"geekfolio-heading.default\">\n\t\t\t\t<div class=\"elementor-widget-container\">\n\t\t\t\t\t\t\t<div class=\"geekfolio-heading-title\" >\r\n\t\t\t\t\t\t<h2 class=\"geekfolio-heading hide-br\">Parlons de votre projet artistique !<\/h2>\t\t\t\t\t<\/div>\r\n\t\t\t\t\t\t<\/div>\n\t\t\t\t<\/div>\n\t\t\t\t\t<\/div>\n\t\t<\/div>\n\t\t\t\t<div class=\"elementor-column elementor-col-50 elementor-top-column elementor-element elementor-element-32f1a0c6\" data-id=\"32f1a0c6\" data-element_type=\"column\">\n\t\t\t<div class=\"elementor-widget-wrap elementor-element-populated\">\n\t\t\t\t\t\t<div class=\"elementor-element elementor-element-6d0e1133 elementor-widget elementor-widget-geekfolio-text-editor\" data-id=\"6d0e1133\" data-element_type=\"widget\" data-widget_type=\"geekfolio-text-editor.default\">\n\t\t\t\t<div class=\"elementor-widget-container\">\n\t\t\t\t\t\t\t<div class=\"geekfolio-text-editor\">\r\n\t\t\t\t\t\t\t\t\t\t<div class=\"elementor-text-editor elementor-clearfix\">\r\n\t\t\t\t\t\t<p>N&#8217;h\u00e9sitez pas \u00e0 m&#8217;\u00e9crire pour toute question, demande de devis, ou pour discuter de vos projets artistiques. Je suis pr\u00eate \u00e0 donner vie \u00e0 vos id\u00e9es avec passion et expertise.<\/p>\t\t\t\t\t\t\t<\/div>\r\n\t\t\t\t\t<\/div>\r\n\t\t\t\t\t\t<\/div>\n\t\t\t\t<\/div>\n\t\t\t\t\t<\/div>\n\t\t<\/div>\n\t\t\t\t\t<\/div>\n\t\t<\/section>\n\t\t\t\t<section class=\"elementor-section elementor-top-section elementor-element elementor-element-5e99b6f6 elementor-section-boxed elementor-section-height-default elementor-section-height-default geekfolio-header-absolute-off\" data-id=\"5e99b6f6\" data-element_type=\"section\" data-settings=\"{&quot;background_background&quot;:&quot;classic&quot;,&quot;enable_header_absolute&quot;:&quot;off&quot;}\">\n\t\t\t\t\t\t<div class=\"elementor-container elementor-column-gap-default\">\n\t\t\t\t\t<div class=\"elementor-column elementor-col-33 elementor-top-column elementor-element elementor-element-3922c1f5\" data-id=\"3922c1f5\" data-element_type=\"column\">\n\t\t\t<div class=\"elementor-widget-wrap elementor-element-populated\">\n\t\t\t\t\t\t<div class=\"elementor-element elementor-element-7d8d5aeb elementor-widget__width-auto elementor-widget elementor-widget-geekfolio-heading\" data-id=\"7d8d5aeb\" data-element_type=\"widget\" data-widget_type=\"geekfolio-heading.default\">\n\t\t\t\t<div class=\"elementor-widget-container\">\n\t\t\t\t\t\t\t<div class=\"geekfolio-heading-title\" >\r\n\t\t\t\t\t\t<h2 class=\"geekfolio-heading hide-br\">CONTACTEZ-MOI<\/h2>\t\t\t\t\t<\/div>\r\n\t\t\t\t\t\t<\/div>\n\t\t\t\t<\/div>\n\t\t\t\t<div class=\"elementor-element elementor-element-63cf370c elementor-widget elementor-widget-geekfolio-heading\" data-id=\"63cf370c\" data-element_type=\"widget\" data-widget_type=\"geekfolio-heading.default\">\n\t\t\t\t<div class=\"elementor-widget-container\">\n\t\t\t\t\t\t\t<div class=\"geekfolio-heading-title\" >\r\n\t\t\t\t\t\t<h2 class=\"geekfolio-heading hide-br\">Ensemble, donnons vie \u00e0 vos visions artistiques<\/h2>\t\t\t\t\t<\/div>\r\n\t\t\t\t\t\t<\/div>\n\t\t\t\t<\/div>\n\t\t\t\t<div class=\"elementor-element elementor-element-17c83e0b elementor-widget elementor-widget-geekfolio-text-editor\" data-id=\"17c83e0b\" data-element_type=\"widget\" data-widget_type=\"geekfolio-text-editor.default\">\n\t\t\t\t<div class=\"elementor-widget-container\">\n\t\t\t\t\t\t\t<div class=\"geekfolio-text-editor\">\r\n\t\t\t\t\t\t\t\t\t\t<div class=\"elementor-text-editor elementor-clearfix\">\r\n\t\t\t\t\t\t<p>Pour m&#8217;envoyer un message, d\u00e9couvrir plus sur mes collections ou pour une commande personnalis\u00e9e, contactez-moi d\u00e8s aujourd&#8217;hui.<\/p>\t\t\t\t\t\t\t<\/div>\r\n\t\t\t\t\t<\/div>\r\n\t\t\t\t\t\t<\/div>\n\t\t\t\t<\/div>\n\t\t\t\t<div class=\"elementor-element elementor-element-62808279 elementor-icon-list--layout-inline elementor-list-item-link-full_width elementor-widget elementor-widget-geekfolio-icon-list\" data-id=\"62808279\" data-element_type=\"widget\" data-widget_type=\"geekfolio-icon-list.default\">\n\t\t\t\t<div class=\"elementor-widget-container\">\n\t\t\t\t\t\t\t<div class=\"geekfolio-icon-list \">\r\n\t\t\t<ul class=\"elementor-icon-list-items elementor-inline-items\">\r\n\t\t\t\t\t\t\t\t\t<li class=\"elementor-icon-list-item elementor-inline-item\">\r\n\t\t\t\t\t\t\t\t\t\t\t\t\t<a href=\"https:\/\/www.instagram.com\/ana_paint\/\">\r\n\r\n\t\t\t\t\t\t\t\t\t\t\t\t\t\t<span class=\"elementor-icon-list-text\">Instagram<\/span>\r\n\t\t\t\t\t\t\t\t\t\t\t\t\t\t<\/a>\r\n\t\t\t\t\t\t\t\t\t\t\t<\/li>\r\n\t\t\t\t\t\t\t\t\t<li class=\"elementor-icon-list-item elementor-inline-item\">\r\n\t\t\t\t\t\t\t\t\t\t\t\t\t<a href=\"https:\/\/www.facebook.com\/anaestevescreations\/\">\r\n\r\n\t\t\t\t\t\t\t\t\t\t\t\t\t\t<span class=\"elementor-icon-list-text\">Facebook<\/span>\r\n\t\t\t\t\t\t\t\t\t\t\t\t\t\t<\/a>\r\n\t\t\t\t\t\t\t\t\t\t\t<\/li>\r\n\t\t\t\t\t\t\t\t\t<li class=\"elementor-icon-list-item elementor-inline-item\">\r\n\t\t\t\t\t\t\t\t\t\t\t\t\t<a href=\"https:\/\/fr.linkedin.com\/in\/ana-esteves-82b8b682\">\r\n\r\n\t\t\t\t\t\t\t\t\t\t\t\t\t\t<span class=\"elementor-icon-list-text\">Linkedin<\/span>\r\n\t\t\t\t\t\t\t\t\t\t\t\t\t\t<\/a>\r\n\t\t\t\t\t\t\t\t\t\t\t<\/li>\r\n\t\t\t\t\t\t\t<\/ul>\r\n\t\t<\/div>\r\n\t\t\t\t<\/div>\n\t\t\t\t<\/div>\n\t\t\t\t\t<\/div>\n\t\t<\/div>\n\t\t\t\t<div class=\"elementor-column elementor-col-33 elementor-top-column elementor-element elementor-element-72c5e9c3\" data-id=\"72c5e9c3\" data-element_type=\"column\">\n\t\t\t<div class=\"elementor-widget-wrap\">\n\t\t\t\t\t\t\t<\/div>\n\t\t<\/div>\n\t\t\t\t<div class=\"elementor-column elementor-col-33 elementor-top-column elementor-element elementor-element-61497fad\" data-id=\"61497fad\" data-element_type=\"column\">\n\t\t\t<div class=\"elementor-widget-wrap elementor-element-populated\">\n\t\t\t\t\t\t<div class=\"elementor-element elementor-element-4842fd99 elementor-widget elementor-widget-geekfolio-contact-form\" data-id=\"4842fd99\" data-element_type=\"widget\" data-widget_type=\"geekfolio-contact-form.default\">\n\t\t\t\t<div class=\"elementor-widget-container\">\n\t\t\t\t\t\r\n\t\t<div  data-btnIcon=\"true\" data-attachmentIcon=\"\" data-attachmentText=\"\" class=\"geekfolio-contact-shortcode  button-center\">\n<div class=\"wpcf7 no-js\" id=\"wpcf7-f6-o1\" lang=\"fr-FR\" dir=\"ltr\" data-wpcf7-id=\"6\">\n<div class=\"screen-reader-response\"><p role=\"status\" aria-live=\"polite\" aria-atomic=\"true\"><\/p> <ul><\/ul><\/div>\n<form action=\"\/index.php\/wp-json\/wp\/v2\/pages\/964#wpcf7-f6-o1\" method=\"post\" class=\"wpcf7-form init\" aria-label=\"Formulaire de contact\" novalidate=\"novalidate\" data-status=\"init\">\n<fieldset class=\"hidden-fields-container\"><input type=\"hidden\" name=\"_wpcf7\" value=\"6\" \/><input type=\"hidden\" name=\"_wpcf7_version\" value=\"6.1.1\" \/><input type=\"hidden\" name=\"_wpcf7_locale\" value=\"fr_FR\" \/><input type=\"hidden\" name=\"_wpcf7_unit_tag\" value=\"wpcf7-f6-o1\" \/><input type=\"hidden\" name=\"_wpcf7_container_post\" value=\"0\" \/><input type=\"hidden\" name=\"_wpcf7_posted_data_hash\" value=\"\" \/>\n<\/fieldset>\n<p><label> Votre nom<br \/>\n<span class=\"wpcf7-form-control-wrap\" data-name=\"your-name\"><input size=\"40\" maxlength=\"400\" class=\"wpcf7-form-control wpcf7-text wpcf7-validates-as-required\" autocomplete=\"name\" aria-required=\"true\" aria-invalid=\"false\" value=\"\" type=\"text\" name=\"your-name\" \/><\/span> <\/label>\n<\/p>\n<p><label> Votre email<br \/>\n<span class=\"wpcf7-form-control-wrap\" data-name=\"your-email\"><input size=\"40\" maxlength=\"400\" class=\"wpcf7-form-control wpcf7-email wpcf7-validates-as-required wpcf7-text wpcf7-validates-as-email\" autocomplete=\"email\" aria-required=\"true\" aria-invalid=\"false\" value=\"\" type=\"email\" name=\"your-email\" \/><\/span> <\/label>\n<\/p>\n<p><label> Sujet<br \/>\n<span class=\"wpcf7-form-control-wrap\" data-name=\"your-subject\"><input size=\"40\" maxlength=\"400\" class=\"wpcf7-form-control wpcf7-text wpcf7-validates-as-required\" aria-required=\"true\" aria-invalid=\"false\" value=\"\" type=\"text\" name=\"your-subject\" \/><\/span> <\/label>\n<\/p>\n<p><label> Votre message<br \/>\n<span class=\"wpcf7-form-control-wrap\" data-name=\"your-message\"><textarea cols=\"40\" rows=\"10\" maxlength=\"2000\" class=\"wpcf7-form-control wpcf7-textarea wpcf7-validates-as-required\" aria-required=\"true\" aria-invalid=\"false\" name=\"your-message\"><\/textarea><\/span> <\/label>\n<\/p>\n<p><input class=\"wpcf7-form-control wpcf7-submit has-spinner\" type=\"submit\" value=\"Envoyer\" \/>\n<\/p><div class=\"wpcf7-response-output\" aria-hidden=\"true\"><\/div>\n<\/form>\n<\/div>\n<\/div>\r\n\t\r\n\t\t\t\t\t\t<\/div>\n\t\t\t\t<\/div>\n\t\t\t\t<div class=\"elementor-element elementor-element-135c6dd elementor-widget__width-initial elementor-absolute elementor-widget elementor-widget-spacer\" data-id=\"135c6dd\" data-element_type=\"widget\" data-settings=\"{&quot;_position&quot;:&quot;absolute&quot;}\" data-widget_type=\"spacer.default\">\n\t\t\t\t<div class=\"elementor-widget-container\">\n\t\t\t\t\t\t\t<div class=\"elementor-spacer\">\n\t\t\t<div class=\"elementor-spacer-inner\"><\/div>\n\t\t<\/div>\n\t\t\t\t\t\t<\/div>\n\t\t\t\t<\/div>\n\t\t\t\t\t<\/div>\n\t\t<\/div>\n\t\t\t\t\t<\/div>\n\t\t<\/section>\n\t\t\t\t<\/div>\n\t\t","protected":false},"excerpt":{"rendered":"<p>Parlons de votre projet artistique ! N&#8217;h\u00e9sitez pas \u00e0 m&#8217;\u00e9crire pour toute question, demande de devis, ou pour discuter de vos projets artistiques. Je suis pr\u00eate \u00e0 donner vie \u00e0 vos id\u00e9es avec passion et expertise. CONTACTEZ-MOI Ensemble, donnons vie \u00e0 vos visions artistiques Pour m&#8217;envoyer un message, d\u00e9couvrir plus sur mes collections ou pour une commande personnalis\u00e9e, contactez-moi d\u00e8s &hellip;<\/p>\n","protected":false},"author":1,"featured_media":0,"parent":0,"menu_order":0,"comment_status":"closed","ping_status":"closed","template":"geekfolio-builder.php","meta":{"footnotes":""},"class_list":["post-964","page","type-page","status-publish","hentry"],"yoast_head":"<!-- This site is optimized with the Yoast SEO plugin v25.7 - https:\/\/yoast.com\/wordpress\/plugins\/seo\/ -->\n<title>Contact - Ana Esteves<\/title>\n<meta name=\"robots\" content=\"index, follow, max-snippet:-1, max-image-preview:large, max-video-preview:-1\" \/>\n<link rel=\"canonical\" href=\"https:\/\/anaesteves.fr\/index.php\/contact\/\" \/>\n<meta property=\"og:locale\" content=\"fr_FR\" \/>\n<meta property=\"og:type\" content=\"article\" \/>\n<meta property=\"og:title\" content=\"Contact - Ana Esteves\" \/>\n<meta property=\"og:description\" content=\"Parlons de votre projet artistique ! N&#8217;h\u00e9sitez pas \u00e0 m&#8217;\u00e9crire pour toute question, demande de devis, ou pour discuter de vos projets artistiques. Je suis pr\u00eate \u00e0 donner vie \u00e0 vos id\u00e9es avec passion et expertise. CONTACTEZ-MOI Ensemble, donnons vie \u00e0 vos visions artistiques Pour m&#8217;envoyer un message, d\u00e9couvrir plus sur mes collections ou pour une commande personnalis\u00e9e, contactez-moi d\u00e8s &hellip;\" \/>\n<meta property=\"og:url\" content=\"https:\/\/anaesteves.fr\/index.php\/contact\/\" \/>\n<meta property=\"og:site_name\" content=\"Ana Esteves\" \/>\n<meta property=\"article:modified_time\" content=\"2024-08-05T10:45:58+00:00\" \/>\n<meta name=\"twitter:card\" content=\"summary_large_image\" \/>\n<script type=\"application\/ld+json\" class=\"yoast-schema-graph\">{\"@context\":\"https:\/\/schema.org\",\"@graph\":[{\"@type\":\"WebPage\",\"@id\":\"https:\/\/anaesteves.fr\/index.php\/contact\/\",\"url\":\"https:\/\/anaesteves.fr\/index.php\/contact\/\",\"name\":\"Contact - Ana Esteves\",\"isPartOf\":{\"@id\":\"https:\/\/anaesteves.fr\/#website\"},\"datePublished\":\"2024-07-12T13:02:03+00:00\",\"dateModified\":\"2024-08-05T10:45:58+00:00\",\"breadcrumb\":{\"@id\":\"https:\/\/anaesteves.fr\/index.php\/contact\/#breadcrumb\"},\"inLanguage\":\"fr-FR\",\"potentialAction\":[{\"@type\":\"ReadAction\",\"target\":[\"https:\/\/anaesteves.fr\/index.php\/contact\/\"]}]},{\"@type\":\"BreadcrumbList\",\"@id\":\"https:\/\/anaesteves.fr\/index.php\/contact\/#breadcrumb\",\"itemListElement\":[{\"@type\":\"ListItem\",\"position\":1,\"name\":\"Accueil\",\"item\":\"https:\/\/anaesteves.fr\/\"},{\"@type\":\"ListItem\",\"position\":2,\"name\":\"Contact\"}]},{\"@type\":\"WebSite\",\"@id\":\"https:\/\/anaesteves.fr\/#website\",\"url\":\"https:\/\/anaesteves.fr\/\",\"name\":\"Ana Esteves\",\"description\":\"Peindre avec les teintes de l&#039;\u00e2me\",\"potentialAction\":[{\"@type\":\"SearchAction\",\"target\":{\"@type\":\"EntryPoint\",\"urlTemplate\":\"https:\/\/anaesteves.fr\/?s={search_term_string}\"},\"query-input\":{\"@type\":\"PropertyValueSpecification\",\"valueRequired\":true,\"valueName\":\"search_term_string\"}}],\"inLanguage\":\"fr-FR\"}]}<\/script>\n<!-- \/ Yoast SEO plugin. -->","yoast_head_json":{"title":"Contact - Ana Esteves","robots":{"index":"index","follow":"follow","max-snippet":"max-snippet:-1","max-image-preview":"max-image-preview:large","max-video-preview":"max-video-preview:-1"},"canonical":"https:\/\/anaesteves.fr\/index.php\/contact\/","og_locale":"fr_FR","og_type":"article","og_title":"Contact - Ana Esteves","og_description":"Parlons de votre projet artistique ! N&#8217;h\u00e9sitez pas \u00e0 m&#8217;\u00e9crire pour toute question, demande de devis, ou pour discuter de vos projets artistiques. Je suis pr\u00eate \u00e0 donner vie \u00e0 vos id\u00e9es avec passion et expertise. CONTACTEZ-MOI Ensemble, donnons vie \u00e0 vos visions artistiques Pour m&#8217;envoyer un message, d\u00e9couvrir plus sur mes collections ou pour une commande personnalis\u00e9e, contactez-moi d\u00e8s &hellip;","og_url":"https:\/\/anaesteves.fr\/index.php\/contact\/","og_site_name":"Ana Esteves","article_modified_time":"2024-08-05T10:45:58+00:00","twitter_card":"summary_large_image","schema":{"@context":"https:\/\/schema.org","@graph":[{"@type":"WebPage","@id":"https:\/\/anaesteves.fr\/index.php\/contact\/","url":"https:\/\/anaesteves.fr\/index.php\/contact\/","name":"Contact - Ana Esteves","isPartOf":{"@id":"https:\/\/anaesteves.fr\/#website"},"datePublished":"2024-07-12T13:02:03+00:00","dateModified":"2024-08-05T10:45:58+00:00","breadcrumb":{"@id":"https:\/\/anaesteves.fr\/index.php\/contact\/#breadcrumb"},"inLanguage":"fr-FR","potentialAction":[{"@type":"ReadAction","target":["https:\/\/anaesteves.fr\/index.php\/contact\/"]}]},{"@type":"BreadcrumbList","@id":"https:\/\/anaesteves.fr\/index.php\/contact\/#breadcrumb","itemListElement":[{"@type":"ListItem","position":1,"name":"Accueil","item":"https:\/\/anaesteves.fr\/"},{"@type":"ListItem","position":2,"name":"Contact"}]},{"@type":"WebSite","@id":"https:\/\/anaesteves.fr\/#website","url":"https:\/\/anaesteves.fr\/","name":"Ana Esteves","description":"Peindre avec les teintes de l&#039;\u00e2me","potentialAction":[{"@type":"SearchAction","target":{"@type":"EntryPoint","urlTemplate":"https:\/\/anaesteves.fr\/?s={search_term_string}"},"query-input":{"@type":"PropertyValueSpecification","valueRequired":true,"valueName":"search_term_string"}}],"inLanguage":"fr-FR"}]}},"_links":{"self":[{"href":"https:\/\/anaesteves.fr\/index.php\/wp-json\/wp\/v2\/pages\/964","targetHints":{"allow":["GET"]}}],"collection":[{"href":"https:\/\/anaesteves.fr\/index.php\/wp-json\/wp\/v2\/pages"}],"about":[{"href":"https:\/\/anaesteves.fr\/index.php\/wp-json\/wp\/v2\/types\/page"}],"author":[{"embeddable":true,"href":"https:\/\/anaesteves.fr\/index.php\/wp-json\/wp\/v2\/users\/1"}],"replies":[{"embeddable":true,"href":"https:\/\/anaesteves.fr\/index.php\/wp-json\/wp\/v2\/comments?post=964"}],"version-history":[{"count":7,"href":"https:\/\/anaesteves.fr\/index.php\/wp-json\/wp\/v2\/pages\/964\/revisions"}],"predecessor-version":[{"id":2348,"href":"https:\/\/anaesteves.fr\/index.php\/wp-json\/wp\/v2\/pages\/964\/revisions\/2348"}],"wp:attachment":[{"href":"https:\/\/anaesteves.fr\/index.php\/wp-json\/wp\/v2\/media?parent=964"}],"curies":[{"name":"wp","href":"https:\/\/api.w.org\/{rel}","templated":true}]}}